i be b(4). Calculate the highest common factor of i and 15.
3
Let h = 2 + 0. Suppose 0 = -5*y - 2*n + 32, -5*y + 9*y - 3*n - 44 = 0. What is the highest common divisor of y and h?
2
Suppose 5*l - 4*o + 58 = 0, -o = -l + 6*l + 48. Let w(h) = -h**2 - 16. Let p be w(0). Let v = l - p. Calculate the greatest common divisor of v and 36.
6
Suppose -13*u + u - 72 = 0. Let l(c) = -2*c**3 - 12*c**2 - 16*c + 19. Let r be l(u). What is the highest common divisor of r and 23?
23
Let l be (-1)/(6/((-420)/10)). Let o = 37 + -16. What is the highest common factor of l and o?
7
Suppose 7*l - 3*v - 17 = 3*l, 2*l + 5*v = 15. Suppose l*f - 126 = -2*o + 84, -f - 5*o = -65. What is the highest common divisor of 40 and f?
40
Suppose 45*a = 40*a + 140. Let u be a/(-6)*(-36)/14. What is the greatest common divisor of 132 and u?
12
Let w = 13 + -13. Suppose 0*r + 4*r - 4*v - 44 = w, -4*r - 4*v = -60. What is the greatest common factor of 117 and r?
13
Let y(w) = 4*w**2 + 4*w + 5. Let b(n) = n - 2. Let m be b(-7). Let q = -5 - m. Let c be y(q). What is the greatest common factor of 17 and c?
17
Let c(j) = -j**3 - 3*j**2. Let d be c(-3). Let u = d + -2. Let b be (-3)/(614/(-304) - u). What is the greatest common factor of b and 19?
19
Suppose 0 = 2*x - 3 + 1. Let g = 3 - x. What is the highest common divisor of 14 and g?
2
Let y be 310 + 3 - -2*1. Suppose -41*a + 117*a - 62*a = 630. What is the greatest common factor of y and a?
45
Let z be 335/9 + 9*4/(-162). What is the highest common factor of z and 296?
37
Let c = 161 - 156. Calculate the greatest common factor of c and 325.
5
Suppose 0 = -0*s - 5*s + 15. Suppose 0 = -s*n - n + 424. Let b = -40 + n. Calculate the greatest common divisor of 44 and b.
22
Let c(d) = -2*d - 2. Let a = -15 + 11. Let g be c(a). Let r be ((-5)/(-2) + -1)*g. Calculate the greatest common divisor of 27 and r.
9
Let h = -24 - -80. Let x be (-66)/(-14) - (-16)/h. What is the highest common factor of x and 5?
5
Let y be (1 + (-26)/6)/((-4)/(-60)). Let i = -13 - y. What is the highest common divisor of i and 148?
37
Let z(y) = 4*y**2 + 5*y - 4. Suppose 0 = 3*m - m - 2. Let n be z(m). Calculate the greatest common divisor of 2 and n.
1
Suppose 3*w - 69 = 6*o - 9*o, -4*o - 23 = -w. Calculate the highest common divisor of 621 and w.
23
Suppose 42 = 3*n - 21. Suppose -5*o = i - 30, -5*o = -2*i - 2*i - 5. Suppose -2 + 37 = i*p. What is the highest common divisor of n and p?
7
Let z(r) = r**2 + 2*r + 1. Let s be z(7). Suppose 0*j - s = -4*j. Suppose -4*l - 4 = -j, h - l = 23. What is the greatest common divisor of h and 26?
26
Let c be 2/(-4) + (-153)/(-6). Calculate the greatest common divisor of c and 425.
25
Let p(g) = 23*g**3 + g**2 + 7*g - 5. Let i be p(3). Calculate the greatest common divisor of i and 38.
38
Suppose 0 = -3*n + 1706 - 596. Let k = -209 + n. Calculate the greatest common factor of k and 23.
23
Let v(w) = 165*w - 98. Let h be v(2). Calculate the highest common factor of h and 87.
29
Suppose -4*h + 484 = -0*h. Suppose 67 = t - h. Let g be t/3 + 1/3. What is the highest common factor of g and 7?
7
Let p(k) = -k**3 - 15*k**2 - 5*k - 1. Let z be p(-15). Let f = 32 - z. Let m = f + 74. What is the greatest common factor of m and 16?
16
Let r be (8512/95)/(2 + 18/(-10)). Calculate the highest common divisor of 28 and r.
28
Suppose 155 = 5*i + n, -5*n = -4*i - 2*n + 143. Suppose 4*z - 2*z = -42. Let a = z + 37. What is the greatest common factor of a and i?
16
Let k be 4 - (5 - (-80)/(-15))*393. What is the greatest common divisor of k and 15?
15
Let q(i) = -2*i**2 - 3*i + 7. Let r be q(3). Let k be 35/(-2)*128/r. Let s(y) = 17*y - 1. Let t be s(1). What is the highest common factor of t and k?
16
Let s = -146 + 230. Suppose -3*c - 2*o = -65, -3*o - 11 = -c + 7. What is the greatest common factor of c and s?
21
Let k(m) = 10*m. Let c be k(3). What is the highest common factor of c and 230?
10
Let o = -447 - -459. What is the greatest common divisor of o and 12?
12
Suppose -5*i - 20695 = 2*o, -o - 2*i - 10334 = -4*i. Let u be (-1)/6 + o/24. Let y = -287 - u. Calculate the greatest common factor of y and 16.
16
Suppose 8 = 4*w + 20. Let d be (w - -8)/((-1)/(-4)). What is the greatest common factor of 50 and d?
10
Let v = 94 + -60. What is the greatest common divisor of v and 170?
34
Let l = -2 + -7. Let u = 9 - l. What is the highest common divisor of 27 and u?
9
Let d(h) = -h**3 + 6*h**2 + 3*h + 4. Let w = -22 + 28. Let b be d(w). Calculate the highest common factor of b and 66.
22
Let t = 62 + -47. Let v be -1*((-21)/t - 8/(-20)). Let m(h) = h**3 + 1. Let a be m(1). What is the greatest common factor of a and v?
1
Let f be ((-36)/(-8))/(-3)*-14. Calculate the greatest common factor of f and 336.
21
Suppose -9*c - 555 = -213. Let a = c - -51. Calculate the greatest common factor of a and 117.
13
Let d = 310 - 283. Calculate the highest common factor of 135 and d.
27
Suppose 2*b = -67 + 21. Let m = b + 34. Let l = 5 - -6. Calculate the greatest common divisor of l and m.
11
Let q(x) = -6*x + 3. Let g = -41 - -37. Let m be q(g). What is the greatest common divisor of m and 81?
27
Let f be 5/(-20) + (-58)/(-8). Suppose 2*w + 20 = f*w. What is the greatest common factor of 28 and w?
4
Let w = -84 + 89. Let m be 43/w + 1/(-5)*-2. What is the greatest common factor of 117 and m?
9
Let s = -1 - -11. Let n be (0 - s)/(-4 + 2). Suppose -6 = 3*g, 0*u - 140 = -5*u + n*g. Calculate the highest common divisor of 65 and u.
13
Let p = 36 + 48. Let a(o) = 7*o + 14. Let d be a(6). What is the greatest common divisor of p and d?
28
Let k be (25/10)/((-6)/(-24)). Calculate the greatest common factor of 55 and k.
5
Let t be ((-4)/7)/((-6)/42). Suppose f - 2 - 2 = 0. Calculate the greatest common factor of t and f.
4
Let d = 0 - -6. Suppose d = 3*h - 0. Let b be -3 + (10 + 2)/h. What is the highest common divisor of 33 and b?
3
Let v be (-3)/(-6)*(-2 - 0). Let t be (-438 - -1)/v + -1. Suppose -3*y + 437 = 3*s + 2*y, 4*y = -3*s + t. What is the highest common divisor of s and 16?
16
Let v be (1 - (-36)/(-8))*-66. Let p = -846 - -857. What is the greatest common divisor of v and p?
11
Suppose -11*p + 69 = 14. What is the highest common divisor of 45 and p?
5
Let j = -31 + 19. Let w = -4 - j. Calculate the greatest common factor of 8 and w.
8
Let l be 1/(0 + (-2)/(-16)). Let p be (-8)/l*2*-142. Let m = -200 + p. Calculate the greatest common divisor of 12 and m.
12
Let a = 22 - 13. Suppose 8*b - 213 + 165 = 0. What is the greatest common factor of a and b?
3
Let t be 613 + 25/(-6 - -1). What is the highest common factor of t and 76?
76
Suppose -1 = -2*v + v + 3*u, -9 = -v - u. Let g(a) = a - 5. Let j be g(6). Let c be (-423)/(-12) - j/4. What is the highest common factor of v and c?
7
Let o be 5/(5/15 + 26/(-96)). Suppose -4*v + o = 6*v. What is the highest common factor of 72 and v?
8
Suppose 4*h - 87 = -5*v, -110 = -4*h + v - 17. Suppose 0 = -2*a - 0*a + 322. Calculate the greatest common divisor of h and a.
23
Let h(g) = g**3 + 6*g**2 - 3*g + 7. Let o = 7 - 13. Let i be h(o). Let k be 25*(-5 + (-189)/(-35)). Calculate the highest common divisor of i and k.
5
Suppose 9 = 5*n - 8*n, p - 2*n - 106 = 0. Calculate the greatest common factor of 4 and p.
4
Suppose 261 = 2*x - 171. Calculate the greatest common divisor of x and 81.
27
Let i(w) = -781*w**3 + 3*w**2 + 2*w + 1. Let v be i(-1). What is the greatest common divisor of 58 and v?
29
Let i be (-3)/(-2)*((-620)/(-15))/1. What is the greatest common divisor of i and 279?
31
Let u(k) = -4*k**3 - 2*k - 4. Let r be u(-3). Suppose -22*t = j - 27*t, j = 4*t + 2. Calculate the highest common divisor of r and j.
10
Let o be 6*((-10)/3 - 2). Let u = -9 - o. Let a be (-108)/72*8/(-6) - -182. Calculate the highest common divisor of a and u.
23
Let r = 5 - -25. Let y(m) = m + 4. Let i be y(-8). Let z(p) = p**3 + 5*p**2 + 3*p + 6. Let x be z(i). Calculate the greatest common divisor of r and x.
10
Let m(x) = -3*x + x - x. Let n be m(-6). Let f be (-30)/(-90)*5/(-2)*(-36)/10. What is the greatest common divisor of n and f?
3
Suppose 4*k = -313*y + 315*y + 242, -2*k + 141 = -5*y. Suppose 96 = g - 4*o + o, -3*g + 4*o + 273 = 0. What is the highest common divisor of k and g?
29
Suppose -5*y + 38 = 8. Suppose -279 = -y*s -